 and 1146.
1146
What is the greatest common factor of 242172 and 17612?
28
What is the greatest common factor of 79588976 and 16?
16
Calculate the highest common factor of 162648 and 16222632.
6024
What is the greatest common divisor of 67380625 and 3250?
1625
Calculate the greatest common factor of 21566 and 574.
82
Calculate the greatest common divisor of 317424 and 4434960.
816
Calculate the highest common factor of 26 and 217034584.
26
Calculate the greatest common divisor of 1139328261 and 162.
81
Calculate the greatest common divisor of 1888 and 9896288.
32
What is the greatest common divisor of 10576 and 111311078?
1322
Calculate the greatest common factor of 112 and 467393080.
56
Calculate the highest common divisor of 77 and 5949076.
7
Calculate the greatest common factor of 345683 and 4771.
13
Calculate the greatest common divisor of 1698621 and 146733.
2487
Calculate the highest common divisor of 306372 and 259108.
844
What is the greatest common factor of 1718829 and 36?
9
What is the greatest common factor of 9766239 and 50421?
1029
What is the greatest common factor of 133536 and 839736?
2568
What is the highest common divisor of 323306421 and 3873?
3873
Calculate the greatest common divisor of 92970487 and 149.
149
What is the highest common divisor of 1045 and 3198745?
1045
What is the highest common factor of 549978562 and 60755?
12151
What is the greatest common divisor of 2691128 and 61798?
1166
What is the greatest common factor of 326 and 1762193?
163
Calculate the greatest common factor of 1000 and 6250750.
250
Calculate the greatest common divisor of 132 and 30071118.
66
What is the highest common factor of 180604 and 665692?
652
Calculate the greatest common divisor of 56175 and 1829275.
175
Calculate the greatest common divisor of 69176 and 2136.
8
What is the greatest common factor of 2 and 14468422?
2
What is the highest common divisor of 85068724 and 494?
26
What is the highest common divisor of 2599139 and 16038908?
13061
Calculate the highest common divisor of 744 and 25561763.
31
Calculate the highest common factor of 259784446 and 136.
34
Calculate the highest common divisor of 397254140 and 40720.
10180
What is the greatest common divisor of 26850913 and 92?
23
Calculate the highest common factor of 62910 and 9866618.
466
What is the greatest common divisor of 17192 and 4165376?
2456
Calculate the highest common factor of 64728 and 232000.
232
What is the greatest common factor of 14303553 and 2145?
33
Calculate the greatest common divisor of 4087 and 114905.
67
Calculate the highest common factor of 1908 and 2370796.
212
What is the highest common factor of 1093 and 10832723?
1093
Calculate the greatest common divisor of 24 and 65073534.
6
Calculate the highest common factor of 1086 and 336298.
362
What is the greatest common divisor of 15 and 55953015?
15
Calculate the greatest common divisor of 2451 and 384938537.
817
What is the greatest common factor of 360785944 and 413?
59
What is the highest common divisor of 134 and 17963035?
67
What is the greatest common divisor of 252 and 143115?
21
What is the highest common factor of 155 and 4540876280?
155
What is the greatest common factor of 10520036 and 3348?
124
Calculate the highest common divisor of 3596755 and 5.
5
What is the highest common factor of 13008 and 77311422?
1626
What is the greatest common divisor of 3912 and 29404?
4
Calculate the highest common factor of 124747 and 1514856.
497
What is the highest common divisor of 72 and 8850420?
36
What is the highest common factor of 2583 and 1882503?
63
What is the greatest common factor of 5407266 and 78?
6
Calculate the highest common factor of 16549689 and 221.
13
What is the greatest common divisor of 19613209 and 18795?
1253
What is the greatest common divisor of 453 and 108947859?
453
Calculate the greatest common factor of 633576 and 7.
1
Calculate the greatest common factor of 238645 and 3839.
11
What is the greatest common factor of 10140 and 1950260?
3380
What is the highest common factor of 1122510868 and 372?
124
What is the greatest common divisor of 236806 and 153640?
334
What is the highest common factor of 53112 and 147984?
24
Calculate the highest common factor of 118204 and 27260.
116
Calculate the highest common divisor of 201285 and 9793385.
2485
Calculate the highest common divisor of 84568 and 30536.
88
What is the greatest common factor of 109934891 and 275?
11
What is the greatest common factor of 106837 and 8797?
19
Calculate the highest common factor of 22 and 2547671104.
22
Calculate the highest common divisor of 6960111 and 4115.
823
Calculate the highest common factor of 7171 and 502609.
71
What is the highest common divisor of 3905207 and 158?
79
What is the greatest common divisor of 5739 and 1080571441?
1913
What is the greatest common factor of 2842 and 585510?
58
What is the greatest common divisor of 6844 and 19802996?
236
What is the highest common factor of 3600 and 126800?
400
Calculate the greatest common divisor of 570187 and 4223.
41
What is the highest common divisor of 2868554 and 1118?
26
What is the greatest common divisor of 5356749 and 555?
111
Calculate the highest common divisor of 256635 and 83644.
1901
Calculate the highest common factor of 1643 and 5673651.
31
Calculate the highest common factor of 207119890 and 3940.
1970
Calculate the highest common divisor of 6994584 and 28386.
342
Calculate the highest common divisor of 7059 and 18161.
13
What is the highest common divisor of 36457248 and 95052?
1068
Calculate the greatest common divisor of 3101508 and 252.
36
Calculate the greatest common factor of 4346 and 9420538.
106
What is the highest common factor of 120574011 and 6735?
1347
Calculate the highest common divisor of 172 and 61244642.
86
What is the highest common factor of 368 and 26027808?
16
What is the highest common factor of 37920 and 7115530?
790
Calculate the highest common divisor of 772973 and 44727.
17
What is the highest common factor of 111788646 and 18?
6
What is the highest common factor of 138 and 6005668?
46
What is the highest common factor of 16079208 and 3312?
552
What is the greatest common factor of 148803416 and 4654?
358
What is the greatest common factor of 2777528 and 2132?
52
What is the greatest common factor of 54100578 and 6?
6
Calculate the highest common factor of 86382 and 4419.
9
What is the highest common divisor of 46128 and 775248?
1488
Calculate the greatest common divisor of 19287 and 9261.
9
Calculate the highest common factor of 2555781 and 27311.
881
Calculate the greatest common divisor of 50029112 and 2877.
959
Calculate the highest common factor of 1402 and 8004719.
701
What is the greatest common divisor of 11392 and 188544?
128
What is the highest common factor of 69933744 and 4512?
2256
What is the greatest common factor of 558 and 119241686?
62
Calculate the highest common divisor of 1138562 and 2.
2
Calculate the highest common divisor of 91031976 and 945.
63
Calculate the greatest common factor of 34708320 and 480.
480
What is the highest common divisor of 12 and 1146980?
4
What is the highest common factor of 2219 and 1722126?
7
Calculate the highest common factor of 1467020 and 220.
20
Calculate the highest common divisor of 12162 and 29964.
6
What is the highest common divisor of 9553622 and 27898?
962
Calculate the highest common factor of 2045022 and 30291.
69
Calculate the greatest common factor of 2886 and 2570316.
222
Calculate the highest common divisor of 437897 and 183517.
1817
Calculate the greatest common divisor of 30130 and 511520.
230
What is the greatest common divisor of 260131 and 312641?
59
What is the greatest common factor of 38520 and 566424?
72
Calculate the highest common divisor of 159014 and 7873042.
3698
What is the highest common divisor of 112 and 57192856?
56
What is the highest common divisor of 170613 and 783?
27
Calculate the highest common divisor of 144 and 461807802.
18
What is the highest common factor of 47955952 and 16?
16
What is the highest common divisor of 31026720 and 936?
24
Calculate the greatest common divisor of 843681216 and 3920.
784
What is the highest common divisor of 259 and 323953?
7
Calculate the highest common divisor of 442 and 191